d + w + 21, -20 = 4*w. Suppose j - d = -j. Suppose -j*a - 8 = -3*v - 26, 15 = 5*a. What is x(v)?
-6
Let w be 5/10*(2 + -4)*12. Let c(n) = -n + n**3 - 14 - 11*n**2 - 20*n**2 + 65*n**2 - 22*n**2. Calculate c(w).
-2
Suppose -8*g = -v - 12*g - 8, 0 = 6*v + 3*g + 90. Let f(z) = z + 14. Calculate f(v).
-2
Let h be (-1)/3 + (-91)/(-39). Suppose 0 = -3*g + 5*q + 18 + 19, -2*g - 4*q - 12 = 0. Let x(i) = i + g*i - h*i - 4. Give x(3).
5
Let q be (-1)/((3 - 3) + 0 - 1). Let t(u) be the first derivative of u**3 + u + 1. Determine t(q).
4
Suppose 7*h = -27 - 15. Let y(c) = -5 + 7*c - 4*c**2 + 8*c**2 - 3*c**2. Determine y(h).
-11
Suppose -5*l - 26 = -m, -2*l = 2*l - m + 21. Let s(d) = d**3 + 4*d**2 - 3*d + 7. Calculate s(l).
-3
Let m(g) = -g**2 - 3*g + 1. Let w(c) = -c - 14. Let j be w(-8). Give m(j).
-17
Let l(i) be the third derivative of i**8/2016 - i**7/5040 + i**6/720 - i**5/20 - 7*i**2. Let o(n) be the third derivative of l(n). What is o(1)?
10
Let k = 1018 - 1032. Let p(t) = -2*t - 33. What is p(k)?
-5
Let z(c) be the third derivative of -c**7/1260 + c**6/144 - 3*c**5/4 - 53*c**2. Let y(j) be the third derivative of z(j). What is y(4)?
-11
Let f(l) = -l**3 - 10*l**2 + l + 10. Let a be f(-10). Suppose -4*q + q = -4*w - 4, 5*q = a. Let o(v) = 6*v + 1. What is o(w)?
-5
Let a(k) = -4*k + 2972 - 1554 - 1487. Give a(-16).
-5
Suppose c - 5*c - 3*p = -10, -1 = c - p. Let o(d) = 6*d - 5. Let x be o(c). Let m(w) = 21*w**3 + w**2 - 1. What is m(x)?
21
Suppose 5*s + 6 = i, -i - 2*i + 3 = 0. Let f = 0 - 1. Let v be (-3 - f)/s + -6. Let c(d) = -d - 8. Determine c(v).
-4
Let p(l) = -4*l**2 - l + 3. Suppose 91*i = 86*i + 20, -3*r - 5*i = -32. Determine p(r).
-65
Let n(m) = 30*m**2 - 2*m - 13. Let k(v) = 15*v**2 - v - 6. Let w(f) = 13*k(f) - 6*n(f). Determine w(1).
14
Suppose 221 = 6*v + 173. Let r(q) = q**3 - 8*q**2 - q - 1. Calculate r(v).
-9
Let i(l) be the third derivative of -l**4/24 + 7*l**3/6 + 13*l**2. Determine i(5).
2
Suppose 4 + 2 = 3*q. Suppose -q = 3*a - 17. Suppose 5*i = 4*v + 9, -21 + 3 = a*v - 4*i. Let y(n) = 2*n + 4. Determine y(v).
-8
Let r = 2 - 0. Let h = r + 0. Let s(m) be the second derivative of m**4/12 + 2*m**3/3 - 3*m**2/2 - 1014*m. Calculate s(h).
9
Let c(d) = 5*d - d**2 + d**2 - 3*d**2 - 4 + 2*d**2. Let g be c(3). Let s(m) = 5*m - m + 5*m**g - 6*m**2. What is s(5)?
-5
Let w(z) be the second derivative of z**5/20 - z**4/4 + z**3/3 - 5*z**2 - 360*z. What is w(3)?
-4
Let w(t) = -4*t + 1. Suppose -2*i - 96 = -i. Let n = 99 + i. Calculate w(n).
-11
Let i(d) = d**3 + 6*d**2 - 5*d - 8. Let r(u) = -8*u - 2. Let j be r(3). Let x = j + 19. What is i(x)?
-22
Let k(v) be the third derivative of v**6/120 - 2*v**5/15 + v**3/6 - 99*v**2. Give k(8).
1
Suppose -6*q + q + 21 = 3*w, -4*q = w - 14. Let j(s) = -s**3 + 2*s**2 - s + 4. What is j(q)?
-8
Let x(q) = -q**2 + 13*q + 16. Let r be x(14). Let m(j) = -15*j**3 + 3*j + 14*j**3 + 5*j - 6*j**r + 10. What is m(-7)?
3
Let t be (-10)/(-25) + 24/15. Suppose t*j = j. Suppose j = -2*h - 11 + 1. Let s(g) = g**3 + 4*g**2 - 6*g. Calculate s(h).
5
Let k(o) = -12*o**2 + 13*o - 7. Let u(l) = 10*l**2 - 12*l + 6. Let r(v) = 4*k(v) + 5*u(v). What is r(6)?
26
Suppose -18*b + 22 + 32 = 0. Let d be b/24*2 - (-210)/24. Let g(a) = a**2 - 8*a - 12. What is g(d)?
-3
Let d(s) = s**3 + 9*s**2 + 3. Let t be d(-9). Suppose 3*c - 4*p + 19 = 0, 4*p - 2 + t = -c. Let b = c + 0. Let x(z) = z**2 + 3*z - 3. Determine x(b).
7
Let k(m) = 2*m**2 - 2*m - 1. Let t be k(2). Let i(z) = 4*z - 3. Calculate i(t).
9
Let t(v) = v. Let r(d) = d**3 - 6*d**2 + 3*d - 18. Let b be r(6). Suppose 4*n + 12 = -b*n. Give t(n).
-3
Let y(l) = -l**3 - 1 + 4*l**3 + 0*l**3 + l + 3 - 4*l**2. Determine y(2).
12
Let x = 0 + -3. Let b(u) = 11*u**2 - 5*u + 5. Let i(m) = -2*m + 2*m + 3*m**2 - 2 - 7*m**2 + 2*m. Let k(j) = x*b(j) - 8*i(j). What is k(-2)?
-1
Let j(i) = 4*i**3 + 5*i**2 + 10*i - 41. Let r(p) = -p**3 + p**2 + p + 1. Let k(y) = j(y) + 5*r(y). Determine k(11).
8
Let g(f) be the third derivative of f**5/60 + 11*f**4/24 + 13*f**3/6 + 14*f**2 + 2*f. Give g(-9).
-5
Let p(d) be the second derivative of d**5/20 - d**4/4 - d**3/3 + 3*d**2/2 - 84*d. Determine p(2).
-5
Let x = 44 - 50. Let f(q) = -2*q**3 - 21*q**2 - 14*q - 6. Let h(t) = t**3 + 11*t**2 + 7*t + 3. Let g(m) = 4*f(m) + 7*h(m). Calculate g(x).
3
Let l = -37 + 31. Let n(u) = 3*u**2 + 16*u - 8. Let r be n(l). Let k(z) = -z**2 + 2*z + 3. Calculate k(r).
-5
Let j(p) = p**2 + 4*p + 1. Let l be (-16)/(-20) + 32/(-40) - 4. Determine j(l).
1
Let y(i) = -i**2 - 15*i - 12. Suppose 106 - 386 = 20*n. What is y(n)?
2
Let h = 25 + -13. Suppose -4*s + 12 = 0, h = -5*j - 5*s + 2. Let m(b) be the third derivative of -b**6/120 - b**5/15 + b**4/8 - b**3/2 - b**2. Determine m(j).
7
Let p(k) = k**3 - k**2 - k - 48. Let v be p(0). Let z be 8*-9*4/v. Suppose -5*c + z*c = 1. Let a(j) = -11*j + 1. Calculate a(c).
-10
Let b(h) = -h**2 + 4*h - 7. Suppose -v + 25 = 4*m, v - 20 = -3*m - 0*m. Let x(r) = 4*r**2 - 12*r + 10. Let g be x(3). Let o = g - v. Determine b(o).
-12
Let w(h) = -h**2 - 2*h + 65. Let g be w(-9). Let s(y) = -8*y - 2 + 7*y**2 - 2*y - 4 - 8*y**g. What is s(-9)?
3
Suppose 0 = -4*y + 18 - 6. Suppose -y*u - u + 8 = 0. Let x = -1 - u. Let r(f) = f + 4. Calculate r(x).
1
Suppose -3*o - 23 = -2*v, 17 + 2 = -3*o + 4*v. Let t(x) = -3*x - 22. Let n be t(o). Let m(l) = -2*l. Give m(n).
-10
Let r(d) = -d - 4. Suppose 4 = 6*n - 8. Let y be 35/30*12/n. Calculate r(y).
-11
Suppose 5*m = -3*z - 22, -48 = 4*z - 52. Let p(k) = -4 - 3 - 3*k - 4*k. Calculate p(m).
28
Let o(d) = 11*d + 285. Let j be o(-26). Let h(l) = 3*l**2. Determine h(j).
3
Let l = 119 - 118. Let j = 1 + 2. Let c(y) = -y**2 + 4*y**3 + 2*y**2 - y + 5*y**j. Determine c(l).
9
Let p(f) be the first derivative of -f - 1/2*f**2 + 9/2*f**4 - 1/3*f**3 + 28. Give p(-1).
-19
Let v(k) be the second derivative of k**7/840 - k**6/40 + 3*k**5/40 - 7*k**4/24 - k**3/3 + 3*k. Let w(i) be the second derivative of v(i). What is w(8)?
1
Suppose -4*v + 10 = v. Let u(c) be the second derivative of 0*c**4 - 1/6*c**3 + 20*c - 1/20*c**5 + c**2 + 0. What is u(v)?
-8
Let o(h) = -h + 12. Let b(p) = -5*p**3 + 4*p**2 - 2*p - 3. Let v be b(-1). Calculate o(v).
4
Let m(q) = q**2 - 3*q - 1. Let t be m(3). Let w(g) = 3*g**2 + 2*g + 1. Let a be w(t). Let h(i) = i**3 + 2*i**2 - i + 2*i**2 - a - 7*i**2 - 3*i**2. What is h(6)?
-8
Let v(o) = -4*o**3 - 12*o**2 + o + 4 + o + 3*o**3 + 14*o**2. Determine v(4).
-20
Let j(y) be the first derivative of -y**2/2 + 17. Let n(m) = -11*m**2 + m + 1. Let u(x) = -j(x) - n(x). Determine u(1).
10
Let r be (-3)/2*(-40)/15. Let x be (r/10)/(5/(-50)). Let f(b) = -3*b + 5*b**3 - 4*b**3 - 155*b**2 + 159*b**2 - 3. Determine f(x).
9
Let r(a) = a**2 - 17*a + 30. Let h(b) = -b**3 - 17*b**2 + 34*b - 60. Let n be h(-19). Calculate r(n).
14
Let s(w) = 2*w**3 - 10*w**2 - w + 15. Let b(d) = -d**3 + 5*d**2 - 8. Let u(p) = 11*b(p) + 6*s(p). Give u(5).
-28
Let o(g) = -g**3 + g**2 + 2*g. Let p(d) = -7*d**3 + 2*d**2 + 9*d - 4. Let s(y) = 6*o(y) - p(y). Suppose -3*a + 2*b + 2*b = 17, 4*a - b = -14. Determine s(a).
4
Let g(f) = f**3 + 2*f**2 + 2. Let v be g(0). Let b(x) = -37*x**2 + 8*x**v + 9*x**2 + 18*x**2 - 4*x. Let a be (3/(-4))/((-1)/(-4)). Give b(a).
-6
Let z(d) = d**3 - 18*d - d**2 + 16*d + 0*d**2. Let p be ((-24)/(-9))/(-4)*(-2 + -1). Determine z(p).
0
Let u(s) be the third derivative of s**6/30 - s**5/60 - s**4/24 + s**3/6 - 3*s**2. Let n = 9 + -6. Suppose -j = -l, 5*j = -n*l + 4*l + 4. Give u(l).
3
Let d(z) = -60*z**3 - 2*z**2 - 2*z. Let s = -2933 + 2932. Give d(s).
60
Let p be -4 - (-99)/66*(-2 - -4). Let t(s) = -5*s**2 + s - 1. Calculate t(p).
-7
Let t = -84 + 88. Let l(p) = p**3 - 3*p**2 + p + 3. What is l(t)?
23
Let d(j) = 23*j - 4 - 1 - 2 - 16 - 22*j. Calculate d(13).
-10
Let s(v) be the third derivative of 0*v + 0 - 1/60*v**5 - 4/3*v**3 - 8*v**2 - 3/8*v**4. Calculate s(-8).
0
Let x(b) be the third derivative of b**5/120 - 11*b**4/24 + 3*b**3/2 + 7*b**2. Let d(a) be the first derivative of x(a). Give d(7).
-4
Let k(p) = 3*p - 4. Let j(z) = -z + 1. Suppose 0 = -r - 13 - 4. Let o(q) = r*j(q) - 6*k(q). Suppose 0 = 6*v - 4*v. Calculate o(v).
7
Let a be ((-63)/14)/((-18)/24). Let r(p) be the third derivative of 1/60*p**5 + 0 + 5/24*p**4 + 0*p - 1/120*p**a + 4*p**2 - 1/2*p**3. Determi